{"id":7,"date":"2015-02-14T17:08:52","date_gmt":"2015-02-14T17:08:52","guid":{"rendered":"http:\/\/wunschpudding.de.srv074.dedi64.de\/?page_id=7"},"modified":"2015-02-14T17:08:52","modified_gmt":"2015-02-14T17:08:52","slug":"der-pudding-historischer-abriss","status":"publish","type":"page","link":"https:\/\/wunschpudding.de\/?page_id=7","title":{"rendered":"Der Pudding"},"content":{"rendered":"<div id=\"id2\">\n<div>\n<div>\n<p>nun geht&#8217;s los.<\/p>\n<p>Damit es f\u00fcr alle nicht so schwer wird, f\u00fcr den Fotografen, f\u00fcr den Koch und f\u00fcr den Genie\u00dfer, erst einmal ein bew\u00e4hrter Pudding:<\/p>\n<\/div>\n<\/div>\n<\/div>\n<div>\n<p>Schokopudding<\/p>\n<\/div>\n<div>\n<p><img loading=\"lazy\" decoding=\"async\" class=\"aligncenter wp-image-32 size-medium\" src=\"https:\/\/r10.wunschpudding.de\/wp-content\/uploads\/2015\/02\/IMG_1774-e1424114459760-295x300.jpg\" alt=\"IMG_1774\" width=\"295\" height=\"300\" srcset=\"https:\/\/wunschpudding.de\/wp-content\/uploads\/2015\/02\/IMG_1774-e1424114459760-295x300.jpg 295w, https:\/\/wunschpudding.de\/wp-content\/uploads\/2015\/02\/IMG_1774-e1424114459760-768x781.jpg 768w, https:\/\/wunschpudding.de\/wp-content\/uploads\/2015\/02\/IMG_1774-e1424114459760-1007x1024.jpg 1007w, https:\/\/wunschpudding.de\/wp-content\/uploads\/2015\/02\/IMG_1774-e1424114459760-1200x1220.jpg 1200w\" sizes=\"auto, (max-width: 295px) 85vw, 295px\" \/><\/p>\n<\/div>\n","protected":false},"excerpt":{"rendered":"<p>nun geht&#8217;s los. Damit es f\u00fcr alle nicht so schwer wird, f\u00fcr den Fotografen, f\u00fcr den Koch und f\u00fcr den Genie\u00dfer, erst einmal ein bew\u00e4hrter Pudding: Schokopudding<\/p>\n","protected":false},"author":2,"featured_media":0,"parent":0,"menu_order":0,"comment_status":"open","ping_status":"open","template":"","meta":{"footnotes":""},"class_list":["post-7","page","type-page","status-publish","hentry"],"_links":{"self":[{"href":"https:\/\/wunschpudding.de\/index.php?rest_route=\/wp\/v2\/pages\/7","targetHints":{"allow":["GET"]}}],"collection":[{"href":"https:\/\/wunschpudding.de\/index.php?rest_route=\/wp\/v2\/pages"}],"about":[{"href":"https:\/\/wunschpudding.de\/index.php?rest_route=\/wp\/v2\/types\/page"}],"author":[{"embeddable":true,"href":"https:\/\/wunschpudding.de\/index.php?rest_route=\/wp\/v2\/users\/2"}],"replies":[{"embeddable":true,"href":"https:\/\/wunschpudding.de\/index.php?rest_route=%2Fwp%2Fv2%2Fcomments&post=7"}],"version-history":[{"count":0,"href":"https:\/\/wunschpudding.de\/index.php?rest_route=\/wp\/v2\/pages\/7\/revisions"}],"wp:attachment":[{"href":"https:\/\/wunschpudding.de\/index.php?rest_route=%2Fwp%2Fv2%2Fmedia&parent=7"}],"curies":[{"name":"wp","href":"https:\/\/api.w.org\/{rel}","templated":true}]}}